ulate q(i).
16
Suppose 3*b - 2 = -5*g + 4, 2*g + 3*b - 6 = 0. Let w be g + 0 - (-7 - 0). Suppose -5 - 2 = w*s. Let i(y) = -2*y. What is i(s)?
2
Suppose 3*v = u + 2, u = -u + 2*v - 8. Let p(j) = 9*j**3 + 3*j**2 - 14*j - 20. Let g(d) = 5*d**3 + d**2 - 8*d - 11. Let k(l) = 7*g(l) - 4*p(l). Give k(u).
3
Suppose 4*b - 3*s - 8 + 108 = 0, 0 = 5*b - 3*s + 128. Let p = b - -8. Let l = -26 - p. Let r(v) = -v**2 - 4*v + 3. Determine r(l).
-9
Let q be (-5 + (-44)/(-12))*(-18)/(-4). Suppose 1 = 3*i - 8. Let s(d) = -2*d + 0*d + 0*d + i*d + 2. Determine s(q).
-4
Let c(y) = 1 - 2 - 2*y + 3 + 2. Suppose 32 = -3*s - s. Let w be (3/(-4))/(1/s). What is c(w)?
-8
Let z be (-1)/(-2 - 90/(-44)). Suppose 4*n = 13 + 75. Let c = n + z. Let s(y) = -y**2 + y + 4. Give s(c).
4
Let d(z) be the first derivative of -5*z**2/2 - 2. Let m(o) = -2*o - 17. Let b be m(5). Let s = 28 + b. Calculate d(s).
-5
Suppose 78 - 242 = -4*p + 2*f, 0 = 2*p + f - 74. Let d(a) = -3*a**2 + 2*a - 40 - 2*a + p. Determine d(1).
-4
Let q be -2*(-11)/4*4. Let t = q + -19. Let v(x) = 5. Let m(g) = -g - 4. Let r(u) = 5*m(u) + 4*v(u). Give r(t).
-15
Suppose 4*l - 36 = 76. Suppose -x = -8*x + l. Let b(w) = -w**2 + 4*w - 4. Give b(x).
-4
Let s(k) = -k**2 - k. Suppose -47*b + 42*b + 25 = 0. Suppose a + 1 = -4*n + 6, -b*a + 25 = -4*n. Calculate s(n).
0
Let i(f) be the third derivative of -f**6/120 + 7*f**5/60 + 7*f**4/24 - 2*f**3/3 + 6*f**2 + 3. Give i(7).
45
Let p(k) = 28*k**2 + 2*k + 1. Let f be p(-1). Let s be 1/3 + 315/f. Let u be 0 - (s/3)/4. Let x(z) = -13*z - 1. Determine x(u).
12
Let z(f) = -f**2 - 5*f - 4. Let p be 20/8 + (-2)/(-4). Suppose -5*u + p*d + 25 = 0, -2*d - 2*d - 12 = -4*u. Let v be -4*4/u - 1. Give z(v).
2
Let n(z) = 4*z + 24. Let w = 759 - 766. Calculate n(w).
-4
Suppose 2*d = -5*h + 694, -3*h = -7*h - 3*d + 558. Let p = h - 137. Let r(u) = -10*u - 1. What is r(p)?
-11
Let j be (-4)/(-16) + (-178)/8. Let d be 33/j + 1/2. Let c(w) = w - 1. Determine c(d).
-2
Suppose -1 + 57 = 7*p. Suppose 18*o - 60 = p*o. Let d(u) = u**2 - 8*u + 9. Give d(o).
-3
Let o(i) be the second derivative of -1/2*i**5 - 1/2*i**2 + 1/6*i**3 + 0 - 28*i - 1/12*i**4. What is o(1)?
-11
Suppose 4*n - 1 + 9 = 0. Let j be (2/2)/(15/30). Let w(p) = 2*p + 0*p**2 + 4*p**2 - 3*p**j + 0 + 3. Calculate w(n).
3
Let y(a) = -2*a**3 + 24*a**2 - 19*a + 6. Let r(t) = -3*t**3 + 35*t**2 - 28*t + 9. Let h(u) = -5*r(u) + 7*y(u). Give h(5).
-18
Let l(u) = -2*u**2 + 5*u**2 + 24 + 22 - 51 - 15*u. Let r(x) = -x**2 + 7*x + 3. Let f(z) = -2*l(z) - 5*r(z). Give f(-6).
-11
Let p(j) = -2*j - 2. Let m(t) = -t**2 + 8. Let k be m(-3). Calculate p(k).
0
Let a(n) be the first derivative of -1/3*n**3 + 4*n + 7/2*n**2 - 20. Calculate a(8).
-4
Let d(i) = 7*i**3 + 11*i**2 + 4*i + 2. Let f(z) = -16*z**3 - 23*z**2 - 7*z - 3. Let y(x) = 7*d(x) + 3*f(x). Give y(-7).
5
Let l(y) = 2*y**2 - 3*y - 2. Let n be -3 - (31 - 4/2). Let c = n - -30. Calculate l(c).
12
Let u(l) = l**2 + 4*l - 8. Suppose -77*p = -73*p. Let d be (p + -2)/((-8)/(-24)). What is u(d)?
4
Suppose -38*y = -11*y. Let r(q) = q**2 - q + 8. Calculate r(y).
8
Let l be (-6 - (-4 - 1))*-1. Let i(t) = 6*t**3 - 2*t**2 + 1. Give i(l).
5
Suppose -14*z + 10*z = -44. Let d(u) = -u**3 + 10*u**2 + 10*u - 2. Calculate d(z).
-13
Let c be ((-108)/(-48))/((-6)/(-16)). Let q(y) = 122*y**2 - 5 - 64*y**2 + 8*y - 59*y**2. Calculate q(c).
7
Let c(h) = h + 3. Let v(y) = -3*y - 30. Let g be (-90)/(-24) + 6/(-8) - 11. Let n be v(g). Determine c(n).
-3
Let b(o) = -o**2 - o - 8. Let j be (4 + -1)/(9/(-432)). Let f = j - -144. Calculate b(f).
-8
Let t(b) = 7*b**2 - 2*b - 1. Let d(n) = 7*n**3 - 13*n**2 + 5*n + 7. Let h(p) = -p**3 + p**2. Let k(c) = -d(c) - 6*h(c). Let s be k(6). What is t(s)?
8
Let o(u) = u**3 - 2*u**2 + u. Suppose -c + 10 = v, v - c = c + 13. Suppose -2 = 3*s - v. What is o(s)?
12
Let s(p) be the second derivative of p**5/60 - 5*p**4/8 + 19*p**3/6 + 5*p**2 + 42*p. Let u(f) be the first derivative of s(f). Give u(13).
-7
Let n = -7 - -12. Let l(i) be the first derivative of 3*i**2/2 + 2*i + 220. What is l(n)?
17
Suppose -4*p - p = -3*k - 19, -k = -2*p + 7. Let x(f) = -3*f + 12. Let m be x(p). Let q(j) = j + 4. Determine q(m).
10
Let g be (2 + -1)/(2/(-8)). Let i = g + 3. Let b(k) = 5*k - 5. Let z(t) = -2*t + 2. Let u(n) = 3*b(n) + 7*z(n). Calculate u(i).
-2
Let i(n) = -n**3 - 5*n**2 - 5. Let d(p) = 10*p**2 - p. Let c be d(1). Suppose 0 = o + 2*v - c + 1, -4*o + 22 = -2*v. Let y be ((-6)/9)/(o/45). Give i(y).
-5
Let x(f) = -f**3 + 9*f**2 - 12*f - 19. Let i(j) = 2*j**3 - 19*j**2 + 26*j + 42. Let a(p) = 4*i(p) + 9*x(p). Calculate a(4).
-3
Let i(j) = 3*j**2 - 2*j - 2. Let m(x) = x**3 - 2*x**2 - x + 7. Let k be m(0). Suppose -8*a + 2 = -k*a. Determine i(a).
6
Let l(r) = -r + 14. Let o be 36/16 - (-1)/(-4). Suppose -o*u - 2*u = 0. What is l(u)?
14
Let k(j) = -13*j + 79. Let y(m) = -3*m**2 - 144*m + 6. Let t be y(-48). What is k(t)?
1
Let m be ((-18)/(-4))/((-9)/(-12)). Let j(y) = 223*y**2 + 228*y**2 + 248*y**2 + 6 - 700*y**2 + 6*y. What is j(m)?
6
Suppose -2 = -2*z + 2*o, 4*z - 4 = -2*o - 0. Let n(f) = -27*f. What is n(z)?
-27
Let q(d) = d**3 + d**2 - d - 1. Let v = 18 - 19. Let j(i) = 3*i**3 + 6*i**2 - 6*i - 5. Let t(l) = v*j(l) + 4*q(l). Calculate t(2).
5
Let f(k) be the first derivative of -2*k**4 + k**2 + k - 2. Let u(s) = 3*s**2 + 40*s - 29. Let x be u(-14). Calculate f(x).
7
Let r be 0 - (-2)/8 - 736/(-128). Suppose r*k - 27 = -9. Let y(i) = 5*i - 2. Determine y(k).
13
Let r(i) be the first derivative of -i + 4/3*i**3 + i**2 - 1. Give r(2).
19
Let a(g) be the third derivative of g**5/60 - g**4/3 + 2*g**3/3 + 10*g**2. Let t = -86 - -91. What is a(t)?
-11
Let a be 4 + (-4 + 50)/2. Let v(t) = 9*t + a - 38 + 18 - t**2. Calculate v(8).
15
Let g(u) be the third derivative of u**6/360 + u**5/20 - 35*u**4/24 + 9*u**2. Let o(z) be the second derivative of g(z). What is o(-4)?
-2
Let w be ((-45)/20)/(1 + 15/(-20)). Let l(r) = -4*r**3 + 10*r**2 + 3*r - 16. Let k(b) = 3*b**3 - 10*b**2 - 4*b + 15. Let z(g) = 5*k(g) + 4*l(g). Give z(w).
2
Let i(u) be the second derivative of u**4/12 - 7*u**3/3 + 2*u**2 + 54*u. Determine i(13).
-9
Let c(f) = f - 2. Let x be c(5). Let o = x - -3. Let d(w) = -7*w**2 + 5*w + 6*w**2 + 0*w**2. What is d(o)?
-6
Let h(j) be the first derivative of -3*j**2/2 - 4*j - 30. Let w(z) = 7*z + 9. Let t(b) = -9*h(b) - 4*w(b). Give t(3).
-3
Let w be (-6)/(-3) - 2*-1. Let p be -2*(50/w)/(-5). Let h(f) = 3*f + 6. Let k(a) = -a. Let b(v) = h(v) + 5*k(v). Calculate b(p).
-4
Suppose -790 + 329 = -17*q - 376. Let u(l) = -10*l**3 + 2*l**2 + 25*l + 8. Let v(c) = 3*c**3 - c**2 - 8*c - 3. Let i(w) = -2*u(w) - 7*v(w). Determine i(q).
-15
Let y(i) = i**3 + 13*i**2 - 15*i - 11. Let k = -2465 - -2451. Give y(k).
3
Let k(d) = 32*d + 2. Let t(i) = -9*i - 1. Let l(c) = -2*k(c) - 7*t(c). Suppose 0*g = -5*g + 125. Let q be 5*5/(g/6). What is l(q)?
-3
Let s(u) = u**3 + 10*u**2 + 15*u - 3. Let m(g) = -2*g**2 + 37*g - 59. Let q be m(17). Give s(q).
5
Let o(v) = v**2 - 4*v + 1. Suppose 0 = 3*u - 53 + 44. Suppose n - 4*d = 16, n + 5 - 25 = 5*d. Suppose n*y + 9 = -u*y, -2*m - y + 7 = 0. Determine o(m).
6
Let x(b) be the second derivative of b**3/6 + 3*b**2 + 33*b. Let c be (-2*1 - -4) + 0. Suppose 5*i = s + 17, c*s + 3*s + i + 33 = 0. Calculate x(s).
-1
Let f(d) = -5*d**2 - 5*d. Let v be ((-18)/36*8)/(-1 + 2). Calculate f(v).
-60
Let q(k) = -k**2 + k. Let a(s) = 26*s**3 + 4*s**2 - 4*s - 1. Let l(p) = -a(p) - 6*q(p). Let n(i) = -i - 1. Let y be n(-2). Calculate l(y).
-25
Let b(p) = -p**2 - 7*p - 3. Let y = -23 - -29. Suppose -2*x = y + 2. Calculate b(x).
9
Suppose -b - 6 = -4*b. Suppose f + b = 0, 2*u + 6*f - 4*f = 6. Let c(p) = -p**3 + 4*p**2 + 5*p + 7. Calculate c(u).
7
Let k(g) = g - 1. Suppose 3 = x + 1. Suppose -t + 3*q - 3 = -0, 2 = 5*t + x*q. Suppose t = n - 2*h - 3, 3*h + 12 = 6*n - 2*n. Give k(n).
2
Let a(l) = -4*l**3 + 11*l**2 - l + 15. Let d = 9 + -5. Let v(q) = -3*q**3 + 10*q**2 - 2*q + 14. Let s(k) = d*a(k) - 5*v(k). What is s(-7)?
-3
Let f = 19 + -17. Suppose 0 = f*r - 4*k + 26, 1 + 28 = -3*r + 4*k. Let m be r/5 + (-14)/10. Let s(i) = i**3 + 3*i**2 + 2*i + 3. Give s(m).
3
Let m be 4/(-14) + 115/35. Let s(v) = -m - 15*v - 1 + 14*v + 6. Suppose -5*i = 4*f - 24, 3*i = i - 3*f + 4. Determine s(i).
-6
Let s(k) be the 